- 14/3*n**3 - 16*n - 1/6*n**4 - 2. What is the units digit of l(-13)?
6
Let j(a) = 8*a + 7. Let m be j(-6). Let x = -39 - m. Suppose 5*d + 5 = 0, -3*r - x*r + 3*d = -203. What is the tens digit of r?
4
Suppose 32*t - 98015 - 370551 = 174634. What is the ten thousands digit of t?
2
Let p(n) = n**3 - n**2 + 3*n + 4. Let s be p(5). Let u = s - 108. Let o(v) = 12*v + 6. What is the tens digit of o(u)?
3
Let y = -9272 - -9847. What is the units digit of y?
5
Let g(p) = 4*p**2 + 9 - 5*p - 12*p + 13*p. Let s be g(-5). Suppose -3*v + u = 4*u - 189, u = 2*v - s. What is the tens digit of v?
6
Suppose 0*g + 5 = -g. Let h be ((-6)/4)/(3/(-18)). Let y = h + g. What is the units digit of y?
4
Let r = 3081 - -2335. What is the tens digit of r?
1
Suppose -20 = 5*i - 5*r, 2*i = -2*i + 5*r - 20. Let a = 28 + -11. Suppose i = a*b - 16*b - 54. What is the tens digit of b?
5
Suppose 2*p - 828 = -5*d, 0 = -3*d - p + 304 + 193. Suppose 5*k + 4 = -g, 0 = -2*k + 3*g - 5. What is the units digit of d/(-4)*2/k?
3
Let l(v) = 4*v**2 + 16*v - 54. Let g be l(5). Let d = 152 - g. What is the tens digit of d?
2
Let i(k) = 2058*k - 532. What is the units digit of i(4)?
0
Let t be 75/12 + (-3)/(-4). Let x = 135 + t. What is the units digit of x?
2
Suppose 2*n - 4*o = 2104, 33*n - 2*o = 37*n - 4238. Let a = n + -718. What is the hundreds digit of a?
3
Let y(w) = 33*w**3 + w**2 + w - 2. Let r be y(2). Suppose 5*v - 3*z - r = 0, -5*v - 4*z + 2*z = -263. Suppose v = 2*c - 37. What is the tens digit of c?
4
Suppose i = 137*i + 50429 - 2863861. What is the thousands digit of i?
0
What is the hundreds digit of 12*246 - (-143 - -137)?
9
Let c = 53 + -63. What is the hundreds digit of 98/(4/c - (-84)/135)?
4
Let d = -3861 - -5090. What is the units digit of d?
9
Suppose 5*d - 21 = 9. Suppose -2*k - 3*q - q + d = 0, 0 = 4*k - 3*q - 23. Suppose 0 = z + 2 - 6, k*z = -4*f + 168. What is the units digit of f?
7
Suppose -5*q + 3908 = 2*h, 0*h = -4*h + 3*q + 7868. Suppose -h + 140 = -6*g. What is the hundreds digit of g?
3
Let a be (339 - 0)*-3*3/27. Let p = 337 + a. Suppose -271 = -11*z + p. What is the tens digit of z?
4
Let w be (-2)/(-7) + 208/(-91). Let p be (-2)/(-2*w/(-242)). Suppose 562 = 7*k + p. What is the tens digit of k?
6
Let d be 188/(-423) + 4/9. Suppose d = -a - 2, -2*a + 1400 = 4*h - h. What is the hundreds digit of h?
4
Suppose 2*t = t + i + 1037, -2*i = -4*t + 4158. Let o = t - 663. Suppose 4*a - 11*b = -13*b + 512, -4*b = 3*a - o. What is the tens digit of a?
2
What is the tens digit of (-3 - 0) + (1 - -3)*6194?
7
Suppose 5*g - 17 = -h, h = 6*h - 4*g + 2. Suppose h = 2*t - 4. Suppose -122 = -y + 4*k, -5*y - t*k = -0*k - 725. What is the tens digit of y?
4
Let x(s) = 14*s - 112. Let w be x(8). Suppose 109*f - 124*f + 16785 = w. What is the thousands digit of f?
1
Let t = -10 + 13. Suppose -2*n - 3*b = -6*n + 80, 12 = t*b. Let w(r) = r**3 - 22*r**2 - 20*r - 13. What is the units digit of w(n)?
6
Let d = 50560 + -34462. What is the ten thousands digit of d?
1
Let t be (-302)/(-12) - (-9)/(-54). Suppose 13*m = -t + 103. Let o = 9 - m. What is the units digit of o?
3
Let x(j) = -6*j + 1760. Let f be x(0). Let l = f + -968. What is the hundreds digit of l?
7
Let t(u) = 13*u**2 - 178*u - 21. Let j be t(24). Suppose -5*g + 3*q = 6*q - j, g = -2*q + 646. What is the hundreds digit of g?
6
Suppose -237*b + 242*b - 27693 = -2*f, 4*b = f - 13840. What is the hundreds digit of f?
8
Let d(t) = -16*t**3 - 66*t**2 + 115*t - 187. Let g(x) = -7*x**3 - 32*x**2 + 57*x - 93. Let a(u) = 3*d(u) - 7*g(u). What is the units digit of a(-28)?
4
Suppose 0 = 3*b + 4*f - 14, 0 = 3*b - 4*f - 4 - 18. What is the units digit of (-1035)/(-15)*62/b?
3
Let y be 3 + -9*(-5 - 5). Suppose -2*n + y = -55. What is the tens digit of n?
7
Suppose 5*p - s + 1 = 0, 3*p = 5*p + 4*s - 4. Suppose p*y - 960 = -4*y. Let v = 381 - y. What is the units digit of v?
1
Let a = -866 - -866. Suppose -4*l + 494 = f, a = -5*f - l + 2079 + 353. What is the tens digit of f?
8
Suppose -4*a = -2*x + 470, -x - 227 = -2*x - 2*a. Let z = x - 72. Let k = 84 + z. What is the tens digit of k?
4
Let h(g) = -g**3 + 41*g**2 + 5*g + 12. What is the hundreds digit of h(38)?
5
What is the thousands digit of (0 + -2)/(-8 + (-526845)/(-65857))?
1
Let s(o) = o**3 - 5*o + 3. Let p be s(6). Let u = p - -30. What is the tens digit of u?
1
Suppose 2*u + 3*d - 6 = 0, -7*u - 2*d = -4*u - 14. Suppose 69 = u*j + 63. What is the units digit of j?
1
Suppose -4*r - 23 - 41 = 0. Let t = -13 - r. Suppose -z + t + 56 = -5*w, -z - 5*w + 59 = 0. What is the units digit of z?
9
Let m = -19247 - -40809. What is the ten thousands digit of m?
2
Let d(n) = -4 + 0 + 2 - 4*n + 105*n**2. Suppose -9*k = -5*o - 12*k - 20, -11 = -4*o + 3*k. What is the units digit of d(o)?
7
Suppose -2*s - 1741 - 963 = -3*y, 2*y - 1816 = 4*s. Suppose -y = 2*n - 4*n + 2*j, 429 = n + 3*j. Suppose -n = -5*c + 146. What is the units digit of c?
8
Let w be ((-4)/(-4) - 0)*911. Let c = -339 + w. Suppose 0*q - 3*n + 876 = 3*q, -2*q = -4*n - c. What is the tens digit of q?
9
Let z be (-2)/((-3)/((-3834)/12)). Let s = z + 526. What is the hundreds digit of s?
3
Let q be ((-6)/9)/((-2)/(-89 - -5)). What is the hundreds digit of (-6)/(-42) + (-4616)/q?
1
Suppose 3*o + 5*m - 20419 = 6*m, m + 4 = 0. What is the tens digit of o?
0
Suppose 4*v + 4*t = 31368, -4*v + 5*t + 31350 = -0*v. What is the units digit of v?
0
Let b(g) = -g + 7 + 7 + 2*g**2 + 12 - 4. What is the hundreds digit of b(7)?
1
Let k(d) = d**3 + 4*d + 2. Let x be k(6). Let q = x + -44. Let u = q - -54. What is the hundreds digit of u?
2
Suppose -5 = -2*g + 3*m, -15*g + 5*m = -11*g - 15. Suppose 5*q = a - g - 47, -3*q = -a + 65. What is the tens digit of a?
7
Let v be ((-2)/(-2)*-1)/(31/18197). What is the tens digit of 28*(v/(-28) + (-8)/(-28))?
9
Suppose 14*b + 5*o - 10650 = 19*b, -b + 2*o - 2135 = 0. Let d = b - -3077. What is the tens digit of d?
5
Let p be (-6)/8 + (-5)/((-60)/(-2559)). Let d = -105 - p. What is the units digit of d + -13 + 2 + -2 + 0?
6
Let r(k) = 652*k - 1482. What is the thousands digit of r(13)?
6
Let t(c) = c**3 - 3*c**2 + 4*c - 10. Let j be t(3). Let d(b) = 0 + 10 + 1 + 0 + b**j - 25*b. What is the tens digit of d(26)?
3
Suppose 5*b + 3*j + 22 - 7 = 0, -3*b + 3*j + 15 = 0. Suppose -5*c - 14*t + 16*t + 2122 = b, t = -5*c + 2119. What is the tens digit of c?
2
Let n(g) = 3*g + 24 + 0*g**3 + 32 - g**3 - 38 - 6*g**2. What is the hundreds digit of n(-8)?
1
Let j = -41 - -41. Suppose j*z + z - m - 1 = 0, -4*z + 5*m = -9. What is the tens digit of (z - -1)*(-185)/15?
3
Let w be (-21274)/121 + (-6)/33. What is the units digit of w*8/((-64)/12) - 1?
3
Let h = 226 - -2829. What is the hundreds digit of h?
0
Suppose 195402 = -260*c + 3833062. What is the thousands digit of c?
3
What is the thousands digit of -2*(-18)/(-63)*(-41174)/4?
5
Let v(x) = 3265*x - 11244. What is the units digit of v(9)?
1
Suppose -o + 5 = -h - 0*h, -3*o = 5*h + 1. Let j be (1/o)/((-4)/(-3900)). Suppose 136 = 2*f - 5*k, 3*f - 5*k - j = -2*f. What is the tens digit of f?
6
Suppose -3*b + 4*d + 44 = 8*d, 4 = -d. Let v = b + -18. Let p(r) = 5*r**3 - 2*r**2 + 3*r - 3. What is the tens digit of p(v)?
3
What is the units digit of 361115/15 + (-24)/(-36)?
5
Let q(k) = 148*k - 54. Let b be q(16). Let g = b + -1574. Let a = g - 473. What is the units digit of a?
7
Let x = 212 - -56. Let c(r) = -32*r - 125. Let d be c(0). Let i = d + x. What is the units digit of i?
3
Let h(k) = -2*k**3 - 5*k**2 - 12*k. Let d = 352 - 361. What is the units digit of h(d)?
1
Let c be ((-6)/18)/(3/(-27)) + 47. Suppose -c*q = -18*q - 48096. What is the tens digit of q?
0
Suppose 2*w = -3*f, w - 5*f - 33 = -7. Let d be -2*w*(-6)/(-12). What is the tens digit of 164/3*(-1)/(d/9)?
8
Let d(w) = 35*w**2 - 408*w + 100. What is the units digit of d(22)?
4
Let x be (-35)/(2/(-8) - (-111)/396). Let c be x/(-18) + (2 - 65/30). Suppose 62 = k + 2*h, 2*k - h - 75 = c. What is the tens digit of k?
6
Let z be 2/6*-3*(1 + 2). Let r = z + 3. What is the units digit of (r + 1)*(144 + (8 - 4))?
8
Let y(w) be the first derivative of -w**4/4 + 2*w**3/3 - 15*w**2/2 - 2*w - 8. Let b be y(-7). Suppose 4*x + 28 - b = 0. What is the units digit of x?
9
Let d be -1*2*(-4 + 178/4). Let j = 302 + d. Wha